mmon factor of 203 and 29.
29
Calculate the highest common divisor of 64 and 2672.
16
Calculate the highest common factor of 105 and 4445.
35
What is the greatest common divisor of 6 and 195?
3
Calculate the highest common factor of 180 and 828.
36
Calculate the highest common divisor of 133 and 7.
7
Calculate the greatest common divisor of 33003 and 171.
171
Calculate the highest common divisor of 133 and 6270.
19
What is the greatest common divisor of 888 and 666?
222
Calculate the greatest common divisor of 876 and 7592.
292
What is the highest common divisor of 350 and 175?
175
Calculate the highest common divisor of 271 and 34417.
271
Calculate the greatest common divisor of 15 and 180.
15
Calculate the highest common divisor of 972 and 60.
12
Calculate the greatest common divisor of 1309 and 308.
77
What is the greatest common factor of 6232 and 912?
152
Calculate the highest common factor of 20 and 220.
20
Calculate the greatest common divisor of 135 and 432.
27
Calculate the greatest common divisor of 1071 and 175.
7
Calculate the highest common divisor of 4624 and 160.
16
What is the greatest common factor of 266 and 95?
19
Calculate the greatest common divisor of 32 and 40.
8
What is the highest common factor of 7 and 28889?
7
Calculate the highest common divisor of 42 and 20.
2
What is the highest common factor of 1278 and 18?
18
Calculate the greatest common divisor of 1 and 5.
1
Calculate the greatest common factor of 34305 and 15.
15
Calculate the highest common divisor of 12285 and 405.
135
What is the highest common factor of 324 and 243?
81
Calculate the greatest common factor of 21 and 57.
3
Calculate the highest common factor of 28237 and 11.
11
Calculate the highest common divisor of 880 and 240.
80
Calculate the greatest common factor of 505 and 303.
101
What is the highest common divisor of 5 and 655?
5
What is the greatest common factor of 56 and 1260?
28
What is the greatest common factor of 31 and 1?
1
What is the highest common factor of 595 and 119?
119
What is the greatest common divisor of 189 and 432?
27
Calculate the greatest common divisor of 16 and 72.
8
What is the highest common divisor of 232 and 261?
29
What is the highest common factor of 35 and 1085?
35
What is the greatest common factor of 124 and 837?
31
Calculate the greatest common factor of 14 and 938.
14
Calculate the highest common factor of 204 and 918.
102
Calculate the highest common factor of 312 and 118.
2
What is the greatest common divisor of 735 and 10?
5
What is the greatest common divisor of 80 and 170?
10
What is the highest common factor of 5944 and 8?
8
Calculate the greatest common factor of 469 and 7.
7
Calculate the highest common factor of 136 and 374.
34
Calculate the highest common factor of 34976 and 32.
32
What is the greatest common divisor of 4520 and 200?
40
What is the highest common divisor of 9638 and 316?
158
What is the greatest common factor of 3825 and 612?
153
What is the greatest common divisor of 168 and 156?
12
Calculate the highest common factor of 2472 and 120.
24
Calculate the highest common factor of 208 and 272.
16
Calculate the highest common divisor of 48 and 58632.
24
What is the greatest common divisor of 226 and 5311?
113
What is the highest common divisor of 28 and 35?
7
What is the highest common divisor of 132 and 24?
12
Calculate the greatest common factor of 95 and 1995.
95
Calculate the greatest common divisor of 90 and 4.
2
Calculate the highest common divisor of 24 and 12664.
8
What is the highest common divisor of 88 and 4796?
44
Calculate the greatest common factor of 45 and 6.
3
What is the greatest common factor of 162 and 144?
18
What is the greatest common factor of 9 and 2514?
3
Calculate the highest common divisor of 4 and 164.
4
Calculate the highest common divisor of 2123 and 11.
11
What is the highest common divisor of 18 and 243?
9
What is the greatest common factor of 6 and 999?
3
What is the greatest common divisor of 70 and 560?
70
Calculate the highest common divisor of 3 and 24.
3
Calculate the highest common divisor of 1180 and 1220.
20
What is the highest common divisor of 2 and 17?
1
Calculate the highest common divisor of 6592 and 4.
4
Calculate the greatest common factor of 5481 and 1044.
261
Calculate the highest common divisor of 74 and 6401.
37
What is the highest common factor of 18 and 1326?
6
What is the highest common divisor of 8 and 184?
8
What is the greatest common factor of 124 and 124?
124
Calculate the highest common factor of 826 and 2.
2
Calculate the highest common factor of 1044 and 232.
116
Calculate the highest common divisor of 6077 and 826.
59
What is the highest common factor of 16 and 27088?
16
Calculate the greatest common factor of 1640 and 28.
4
Calculate the highest common factor of 15 and 7815.
15
What is the highest common divisor of 68445 and 9?
9
Calculate the greatest common divisor of 225 and 495.
45
Calculate the highest common factor of 13824 and 27.
27
What is the greatest common factor of 9642 and 6?
6
Calculate the highest common factor of 28 and 434.
14
Calculate the greatest common factor of 338 and 22.
2
Calculate the greatest common factor of 43 and 1376.
43
Calculate the greatest common divisor of 386 and 16.
2
What is the highest common factor of 38 and 15979?
19
Calculate the greatest common divisor of 7 and 1757.
7
What is the greatest common divisor of 3 and 591?
3
Calculate the highest common factor of 576 and 64.
64
What is the greatest common divisor of 1769 and 793?
61
What is the greatest common factor of 43 and 2752?
43
What is the highest common factor of 160 and 40?
40
What is the highest common factor of 1323 and 54?
27
Calculate the greatest common divisor of 841 and 87.
29
Calculate the greatest common divisor of 148 and 2738.
74
Calculate the greatest common divisor of 20 and 105.
5
What is the highest common divisor of 79 and 17617?
79
Calculate the highest common divisor of 2135 and 61.
61
Calculate the greatest common factor of 92 and 322.
46
Calculate the greatest common divisor of 16 and 16.
16
What is the greatest common factor of 5546 and 282?
94
What is the highest common divisor of 440 and 33?
11
What is the greatest common divisor of 1122 and 44?
22
What is the highest common factor of 1036 and 12?
4
Calculate the highest common factor of 5 and 680.
5
What is the highest common factor of 1082 and 4?
2
Calculate the highest common divisor of 304 and 703.
19
Calculate the greatest common factor of 29 and 4234.
29
Calculate the highest common factor of 1023 and 66.
33
Calculate the greatest common factor of 65 and 2405.
65
Calculate the greatest common divisor of 2077 and 67.
67
What is the greatest common factor of 84 and 36?
12
Calculate the greatest common divisor of 5224 and 8.
8
What is the highest common factor of 323 and 2414?
17
What is the highest common factor of 795 and 15?
15
Calculate the greatest common factor of 85 and 1360.
85
What is the highest common factor of 37 and 74?
37
Calculate the highest common divisor of 20 and 5.
5
What is the highest common divisor of 87 and 1392?
87
Calculate the greatest common divisor of 120 and 156.
12
What is the greatest common divisor of 26 and 10426?
26
Calculate the highest common divisor of 286 and 110.
22
What is the highest common divisor of 45 and 575?
5
What is the highest common divisor of 12 and 192?
12
What is the highest common factor of 574 and 56?
14
Calculate the greatest common divisor of 355 and 2059.
71
Calculate the highest common divisor of 7201 and 19.
19
What is the highest common divisor of 114 and 2888?
38
Calculate the highest common divisor of 264 and 48.
24
Calculate the highest common factor of 2125 and 170.
85
Calculate the highest common factor of 650 and 775.
25
Calculate the greatest common factor of 610 and 12505.
305
What is the highest common factor of 2507 and 218?
109
Calculate the highest common divisor of 4 and 1556.
4
Calculate the greatest common factor of 257 and 2.
1
What is the highest common divisor of 140 and 180?
20
Calculate the greatest common divisor of 1794 and 6.
6
Calculate the greatest common divisor of 25 and 10.
5
What is the greatest common divisor of 156 and 372?
12
What is the highest common fa